{"id":92,"date":"2025-01-03T14:12:57","date_gmt":"2025-01-03T14:12:57","guid":{"rendered":"https:\/\/www.kansantaju.fi\/?page_id=92"},"modified":"2025-02-14T20:41:54","modified_gmt":"2025-02-14T20:41:54","slug":"muutosasiantuntijat","status":"publish","type":"page","link":"https:\/\/www.kansantaju.fi\/index.php\/home\/muutosasiantuntijat\/","title":{"rendered":"Asiantuntijat"},"content":{"rendered":"\n<div class=\"wp-block-cover alignfull\" style=\"min-height:717px;aspect-ratio:unset;\"><span aria-hidden=\"true\" class=\"wp-block-cover__background has-vivid-cyan-blue-background-color has-background-dim-100 has-background-dim\"><\/span><div class=\"wp-block-cover__inner-container is-layout-flow wp-block-cover-is-layout-flow\">\n<h1 class=\"wp-block-heading has-text-align-center has-ast-global-color-5-color has-text-color has-large-font-size\">Kyll\u00e4 t\u00e4m\u00e4 iloksi muuttuu!<\/h1>\n\n\n\n<div class=\"inherit-container-width wp-block-group alignwide is-layout-constrained wp-block-group-is-layout-constrained\">\n<div class=\"wp-block-media-text alignwide has-media-on-the-right is-stacked-on-mobile is-vertically-aligned-top has-ast-global-color-5-color has-text-color has-link-color wp-elements-d44037a7ffd5de2cb7cbebf4e750266e\" style=\"grid-template-columns:auto 28%\"><div class=\"wp-block-media-text__content\">\n<h2 class=\"wp-block-heading has-ast-global-color-5-color has-text-color has-link-color has-medium-font-size wp-elements-8b2a3307d26a6fb900b854b7e2710dbc\">Olen Timo Karonen<\/h2>\n\n\n\n<p class=\"has-ast-global-color-5-color has-text-color has-link-color has-medium-font-size wp-elements-db46aa1b739cd645caa644923e2451fd\" style=\"padding-top:0;padding-right:0;padding-bottom:0;padding-left:0\">Haluan auttaa yhteiskuntaamme ruohonjuuritasolla yritt\u00e4j\u00e4n\u00e4, eli kansalaisyhteiskuntaa, kolmannen sektorin toimijoita ja pk-yrityksi\u00e4 Suomessa niiden yhteisty\u00f6n vahvistamisessa ja muutoksissa parempaan. <\/p>\n\n\n\n<p class=\"has-ast-global-color-5-color has-text-color has-link-color has-medium-font-size wp-elements-db1a14e0358c49a1284a7cebebaf1c21\" style=\"padding-top:0;padding-right:0;padding-bottom:0;padding-left:0\">Kaikenlaisissa muutoksissa toiminnan merkityksellisyys on vahva motiivi. Se sitouttaa kehittym\u00e4\u00e4n, mik\u00e4 on muutosten tyypillinen tavoite. Vaikeiden muutosten j\u00e4ljilt\u00e4 tavoitteeksi j\u00e4\u00e4 toiminnan hyv\u00e4n yhteishengen vahvistaminen. <\/p>\n\n\n\n<p class=\"has-ast-global-color-5-color has-text-color has-link-color has-medium-font-size wp-elements-becc34ff6a4bea1b3c0a9943ef0c03f1\" style=\"padding-top:0;padding-right:0;padding-bottom:0;padding-left:0\">Muutokset tulevat joko yll\u00e4tt\u00e4en ulkoisina tai siten alamme itse haluta muutosta. Muutoksiin kuuluu aikaperspektiivi. Jonkin hyv\u00e4n t\u00e4ytyy s\u00e4ily\u00e4, kun toiminta muuttuu. Jonkin t\u00e4ytyy muutua paremmaksi ja jostakin ehk\u00e4 t\u00e4ytyy luopua. Aikataulun voi saada tai sen voi itse asettaa. N\u00e4k\u00f6kulmamme muutoksiin ovat erilaiset, kun olemme muutoksen kohteena emmek\u00e4 voi itse p\u00e4\u00e4tt\u00e4\u00e4, tai kun olemme muutoksessa toimija. Kumpi olisit mieluummin? <\/p>\n\n\n\n<p class=\"has-ast-global-color-5-color has-text-color has-link-color has-medium-font-size wp-elements-34eea6bf58d9bbd13c578b9ce02e39af\" style=\"padding-top:0;padding-right:0;padding-bottom:0;padding-left:0\">Olen toiminut yrityssaneerausten suunnittelijana ja vet\u00e4j\u00e4n\u00e4kin. Vetovaihe on&nbsp; kevyempi, uskokaa huviksenne. Kaikki tiet\u00e4v\u00e4t jo tilanteen, osuiko muutos omalle kohdalle. Muutoksen toteuttajana on t\u00e4rke\u00e4\u00e4 viesti\u00e4 hyvin ja noudattaa suunnitelmaa. On t\u00e4rke\u00e4\u00e4 olla empaattinen ja inhimillinen ihminen. Suunnitelman tekeminen tai muuttaminen on se raskaampi vaihe, vaikka perustelut olisivatkin vahvoja. Onneksi kaikki muutokset eiv\u00e4t aina ole raskaita eiv\u00e4tk\u00e4 dramaattisia.&nbsp;<\/p>\n\n\n\n<p class=\"has-ast-global-color-5-color has-text-color has-link-color has-medium-font-size wp-elements-8047c50a6df772485e110ccf356a2bf7\" style=\"padding-top:0;padding-right:0;padding-bottom:0;padding-left:0\">Muutos on mahdollisuus ryhty\u00e4 toimijaksi, vaikka ei olisi muutoksesta ollut p\u00e4\u00e4tt\u00e4m\u00e4ss\u00e4. Tunteilta ei voi eik\u00e4 kannata v\u00e4ltty\u00e4. Olemmehan ihmisi\u00e4. Hyv\u00e4 tavoite on, ett\u00e4 muutos muuttuu iloksi.&nbsp;<\/p>\n\n\n\n<p class=\"has-ast-global-color-5-color has-text-color has-link-color has-medium-font-size wp-elements-f73941cfe41a08aee2aa14e8b6b9c8ea\" style=\"padding-top:0;padding-right:0;padding-bottom:0;padding-left:0\">Kiitos kun olet tullut hakemaan opasta muutokseen. Ota rohkeasti yhteytt\u00e4 ja kerro millaisesta muutoksesta on kysymys.<\/p>\n\n\n\n<pre class=\"wp-block-verse has-ast-global-color-7-color has-vivid-cyan-blue-background-color has-text-color has-background has-link-color has-medium-font-size wp-elements-35eb502ee45015cdc1212705e2657488\" style=\"padding-top:0;padding-right:0;padding-bottom:0;padding-left:0\">Timo Karonen 050 5814844 <br>timo.karonen@kansantaju.fi<\/pre>\n<\/div><figure class=\"wp-block-media-text__media\"><img loading=\"lazy\" decoding=\"async\" width=\"800\" height=\"800\" src=\"https:\/\/www.kansantaju.fi\/wp-content\/uploads\/2025\/01\/Timo.jpeg\" alt=\"Timo Karonen auttaa yhdistyksi\u00e4 omarahoituksen vahvistamisessa.\" class=\"wp-image-26 size-full\" srcset=\"https:\/\/www.kansantaju.fi\/wp-content\/uploads\/2025\/01\/Timo.jpeg 800w, https:\/\/www.kansantaju.fi\/wp-content\/uploads\/2025\/01\/Timo-300x300.jpeg 300w, https:\/\/www.kansantaju.fi\/wp-content\/uploads\/2025\/01\/Timo-150x150.jpeg 150w, https:\/\/www.kansantaju.fi\/wp-content\/uploads\/2025\/01\/Timo-768x768.jpeg 768w\" sizes=\"auto, (max-width: 800px) 100vw, 800px\" \/><\/figure><\/div>\n<\/div>\n<\/div><\/div>\n\n\n\n<div class=\"wp-block-group alignfull has-ast-global-color-1-background-color has-background is-content-justification-left is-layout-constrained wp-container-core-group-is-layout-77ec0b1f wp-block-group-is-layout-constrained\" id=\"contact\" style=\"padding-top:104px;padding-bottom:104px\">\n<h2 class=\"wp-block-heading has-text-align-center has-text-color has-medium-font-size\" style=\"color:#ffffff\">Aloitetaan muutos t\u00e4n\u00e4\u00e4n!<\/h2>\n\n\n\n<div class=\"wp-block-buttons alignwide is-horizontal is-content-justification-center is-layout-flex wp-container-core-buttons-is-layout-bba8380a wp-block-buttons-is-layout-flex\" style=\"margin-top:50px\">\n<div class=\"wp-block-button\"><a class=\"wp-block-button__link wp-element-button\" href=\"https:\/\/www.kansantaju.fi\/index.php\/yhteys\/\">Ota yhteytt\u00e4<\/a><\/div>\n<\/div>\n<\/div>\n\n\n\n<p><\/p>\n","protected":false},"excerpt":{"rendered":"<p>Aloitetaan muutos t\u00e4n\u00e4\u00e4n!<\/p>\n","protected":false},"author":1,"featured_media":0,"parent":7,"menu_order":3,"comment_status":"closed","ping_status":"closed","template":"","meta":{"_uag_custom_page_level_css":"","site-sidebar-layout":"no-sidebar","site-content-layout":"plain-container","ast-site-content-layout":"full-width-container","site-content-style":"unboxed","site-sidebar-style":"default","ast-global-header-display":"","ast-banner-title-visibility":"","ast-main-header-display":"","ast-hfb-above-header-display":"","ast-hfb-below-header-display":"","ast-hfb-mobile-header-display":"","site-post-title":"disabled","ast-breadcrumbs-content":"","ast-featured-img":"","footer-sml-layout":"","ast-disable-related-posts":"","theme-transparent-header-meta":"enabled","adv-header-id-meta":"","stick-header-meta":"","header-above-stick-meta":"","header-main-stick-meta":"","header-below-stick-meta":"","astra-migrate-meta-layouts":"default","ast-page-background-enabled":"default","ast-page-background-meta":{"desktop":{"background-color":"var(--ast-global-color-5)","background-image":"","background-repeat":"repeat","background-position":"center center","background-size":"auto","background-attachment":"scroll","background-type":"","background-media":"","overlay-type":"","overlay-color":"","overlay-opacity":"","overlay-gradient":""},"tablet":{"background-color":"","background-image":"","background-repeat":"repeat","background-position":"center center","background-size":"auto","background-attachment":"scroll","background-type":"","background-media":"","overlay-type":"","overlay-color":"","overlay-opacity":"","overlay-gradient":""},"mobile":{"background-color":"","background-image":"","background-repeat":"repeat","background-position":"center center","background-size":"auto","background-attachment":"scroll","background-type":"","background-media":"","overlay-type":"","overlay-color":"","overlay-opacity":"","overlay-gradient":""}},"ast-content-background-meta":{"desktop":{"background-color":"var(--ast-global-color-4)","background-image":"","background-repeat":"repeat","background-position":"center center","background-size":"auto","background-attachment":"scroll","background-type":"","background-media":"","overlay-type":"","overlay-color":"","overlay-opacity":"","overlay-gradient":""},"tablet":{"background-color":"var(--ast-global-color-4)","background-image":"","background-repeat":"repeat","background-position":"center center","background-size":"auto","background-attachment":"scroll","background-type":"","background-media":"","overlay-type":"","overlay-color":"","overlay-opacity":"","overlay-gradient":""},"mobile":{"background-color":"var(--ast-global-color-4)","background-image":"","background-repeat":"repeat","background-position":"center center","background-size":"auto","background-attachment":"scroll","background-type":"","background-media":"","overlay-type":"","overlay-color":"","overlay-opacity":"","overlay-gradient":""}},"footnotes":""},"class_list":["post-92","page","type-page","status-publish","hentry"],"uagb_featured_image_src":{"full":false,"thumbnail":false,"medium":false,"medium_large":false,"large":false,"1536x1536":false,"2048x2048":false},"uagb_author_info":{"display_name":"admin","author_link":"https:\/\/www.kansantaju.fi\/index.php\/author\/admin\/"},"uagb_comment_info":0,"uagb_excerpt":"Aloitetaan muutos t\u00e4n\u00e4\u00e4n!","_links":{"self":[{"href":"https:\/\/www.kansantaju.fi\/index.php\/wp-json\/wp\/v2\/pages\/92","targetHints":{"allow":["GET"]}}],"collection":[{"href":"https:\/\/www.kansantaju.fi\/index.php\/wp-json\/wp\/v2\/pages"}],"about":[{"href":"https:\/\/www.kansantaju.fi\/index.php\/wp-json\/wp\/v2\/types\/page"}],"author":[{"embeddable":true,"href":"https:\/\/www.kansantaju.fi\/index.php\/wp-json\/wp\/v2\/users\/1"}],"replies":[{"embeddable":true,"href":"https:\/\/www.kansantaju.fi\/index.php\/wp-json\/wp\/v2\/comments?post=92"}],"version-history":[{"count":14,"href":"https:\/\/www.kansantaju.fi\/index.php\/wp-json\/wp\/v2\/pages\/92\/revisions"}],"predecessor-version":[{"id":366,"href":"https:\/\/www.kansantaju.fi\/index.php\/wp-json\/wp\/v2\/pages\/92\/revisions\/366"}],"up":[{"embeddable":true,"href":"https:\/\/www.kansantaju.fi\/index.php\/wp-json\/wp\/v2\/pages\/7"}],"wp:attachment":[{"href":"https:\/\/www.kansantaju.fi\/index.php\/wp-json\/wp\/v2\/media?parent=92"}],"curies":[{"name":"wp","href":"https:\/\/api.w.org\/{rel}","templated":true}]}}