{"id":81,"date":"2025-01-03T13:45:54","date_gmt":"2025-01-03T13:45:54","guid":{"rendered":"https:\/\/www.kansantaju.fi\/?page_id=81"},"modified":"2025-01-26T12:08:31","modified_gmt":"2025-01-26T12:08:31","slug":"tietosuojaseloste","status":"publish","type":"page","link":"https:\/\/www.kansantaju.fi\/index.php\/home\/tietosuojaseloste\/","title":{"rendered":"Tietosuojaseloste"},"content":{"rendered":"\n<p class=\"has-medium-font-size\" style=\"margin-top:var(--wp--preset--spacing--20);margin-bottom:var(--wp--preset--spacing--20)\">Miten Kansantaju k\u00e4sittelee henkil\u00f6tietoja?<\/p>\n\n\n\n<p style=\"margin-top:var(--wp--preset--spacing--20);margin-bottom:var(--wp--preset--spacing--20)\">T\u00e4m\u00e4 on 5.12.2018\/1050 tietosuojalain ja EU:n yleisen tietosuoja-asetuksen&nbsp;(GDPR eli General Data Protection Regulation) mukainen tietosuojaseloste.&nbsp;Voimassa 3.1.2025 alkaen toistaiseksi.&nbsp;<\/p>\n\n\n\n<p>Rekisterinpit\u00e4j\u00e4ll\u00e4 on velvollisuus informoida rekister\u00f6ityj\u00e4 heid\u00e4n tietosuojastaan selke\u00e4ll\u00e4 tavalla. <br>T\u00e4m\u00e4 seloste t\u00e4ytt\u00e4\u00e4&nbsp;tietosuoja-asetuksen mukaisen informointivelvoitteen.&nbsp;<\/p>\n\n\n\n<p style=\"margin-top:var(--wp--preset--spacing--20);margin-bottom:var(--wp--preset--spacing--20)\">Kansantaju k\u00e4sittelee henkil\u00f6tietoja t\u00e4m\u00e4n tietosuojaselosteen ja sovellettavan lains\u00e4\u00e4d\u00e4nn\u00f6n mukaisesti. Pyyd\u00e4mme sinua lukemaan t\u00e4m\u00e4n tietosuojaselosteen huolellisesti ennen sopimuksen allekirjoittamista, verkkosivustomme k\u00e4ytt\u00f6\u00e4 tai palvelujen k\u00e4ytt\u00e4j\u00e4ksi rekister\u00f6itymist\u00e4.&nbsp;<\/p>\n\n\n\n<p>Arvostamme yksityisyytt\u00e4si ja olemme sitoutuneet&nbsp;suojaamaan sit\u00e4.<br>Haluamme palvella sinua parhaamme mukaan. <br>Siksi ker\u00e4\u00e4mme ja k\u00e4sittelemme&nbsp;suostumuksellasi joitakin sinua koskevia henkil\u00f6tietoja. <br> <br>T\u00e4m\u00e4 tietosuojaseloste sis\u00e4lt\u00e4\u00e4 tietoa siit\u00e4, mit\u00e4 henkil\u00f6tietoja ker\u00e4\u00e4mme, mill\u00e4&nbsp; periaatteilla niit\u00e4 k\u00e4sittelemme, sek\u00e4 mit\u00e4 oikeuksia ja mahdollisuuksia vaikuttaa sinulla on tietojasi koskien. Pyyd\u00e4mme sinua lukemaan t\u00e4m\u00e4n tietosuojaselosteen huolellisesti. <\/p>\n\n\n\n<p>Kansantaju varaa oikeuden p\u00e4ivitt\u00e4\u00e4 tietosuojaselostetta tarvittaessa. Siksi liit\u00e4mme&nbsp;ajantasaisen tietosuojaselosteen aina sopimuksen liitteeksi. Julkaisemme tuoreimman tietosuojaselosteemme aina ensin sivustollemme internetiss\u00e4.&nbsp;<\/p>\n\n\n\n<p><strong>1. Rekisterinpit\u00e4j\u00e4&nbsp;<\/strong><\/p>\n\n\n\n<p style=\"margin-top:0;margin-bottom:0\">Yrityksen toiminimi: Kansantaju<br>Yrityksen y-tunnus:  3499713-6<br>Yrityksen osoite: Kaunelantie 4 A 4, 25500 PERNI\u00d6<\/p>\n\n\n\n<p style=\"margin-top:var(--wp--preset--spacing--20);margin-bottom:var(--wp--preset--spacing--20)\"><strong>Tietosuojavastaavan yhteystiedot rekisteri\u00e4 koskevissa asioissa&nbsp;<\/strong><\/p>\n\n\n\n<p>Henkil\u00f6n nimi:  Timo Karonen (yksityinen elinkeinonharjoittaja)<br>Puhelinnumero: +358 50 581 4844<br>S\u00e4hk\u00f6posti:   timo.karonen@kansantaju.fi<\/p>\n\n\n\n<p><strong>2. Rekister\u00f6idyt&nbsp;<\/strong><\/p>\n\n\n\n<p>Rekisteriin rekister\u00f6id\u00e4\u00e4n Kansantajun olemassa olevat ja tiedossamme olevat potentiaaliset asiakkaat sek\u00e4 voimassa olevat ja tiedossamme olevat potentiaaliset yhteisty\u00f6kumppanit.&nbsp;<\/p>\n\n\n\n<p><strong>3. Henkil\u00f6tietojen k\u00e4ytt\u00f6tarkoitus&nbsp;<\/strong><\/p>\n\n\n\n<p>Rekisterin pit\u00e4misen perusteet:<br>o Voimassa olevan asiakkuuden perusteella.<br>o Voimassa olevan ty\u00f6suhteen tai omistajuus suhteen perusteella.<br>o Voimassa olevan yhteisty\u00f6kumppanuuden perusteella.<br>o Suostumuksen perusteella, kun kyseess\u00e4 on potentiaalinen asiakas tai yhteisty\u00f6kumppani<br> (esim. messuilla ker\u00e4tyt tai verkossa lomakkeilla kysytyt tiedot tai yhteydenottona saadut tiedot).<\/p>\n\n\n\n<p style=\"margin-top:var(--wp--preset--spacing--20);margin-bottom:var(--wp--preset--spacing--20)\"><strong>4. Henkil\u00f6tietojen k\u00e4sittelyn ja rekisterien k\u00e4ytt\u00f6tarkoitus&nbsp;<\/strong><\/p>\n\n\n\n<p style=\"margin-top:var(--wp--preset--spacing--20);margin-bottom:var(--wp--preset--spacing--20)\">Henkil\u00f6tietoja k\u00e4sitell\u00e4\u00e4n vain ennalta m\u00e4\u00e4riteltyihin tarkoituksiin, joita ovat seuraavat:&nbsp;<\/p>\n\n\n\n<p style=\"margin-top:var(--wp--preset--spacing--20);margin-bottom:var(--wp--preset--spacing--20)\">o Asiakkuuden toteutumiseen vaadittu tietojen k\u00e4sittely ja rekister\u00f6inti.&nbsp;<\/p>\n\n\n\n<p style=\"margin-top:var(--wp--preset--spacing--20);margin-bottom:var(--wp--preset--spacing--20)\">o Yhteisty\u00f6suhteen hoitaminen.<\/p>\n\n\n\n<p style=\"margin-top:var(--wp--preset--spacing--20);margin-bottom:var(--wp--preset--spacing--20)\">o Yrityksen palveluista ja tuotteista kertominen.<\/p>\n\n\n\n<p style=\"margin-top:var(--wp--preset--spacing--30);margin-bottom:var(--wp--preset--spacing--30)\"><strong>5. Rekisteriin tallennetut henkil\u00f6tiedot&nbsp;<\/strong><\/p>\n\n\n\n<p style=\"margin-top:var(--wp--preset--spacing--20);margin-bottom:var(--wp--preset--spacing--20)\">Yrityksen rekisteri sis\u00e4lt\u00e4\u00e4 seuraavia tietoja:&nbsp;<\/p>\n\n\n\n<p style=\"margin-top:0;margin-bottom:0\"><strong>Yhteystiedot<\/strong>:<\/p>\n\n\n\n<p>Henkil\u00f6n nimi<br>Henkil\u00f6n osoite<br>Henkil\u00f6n s\u00e4hk\u00f6posti<br>Henkil\u00f6n puhelinnumero<\/p>\n\n\n\n<p>Organisaation nimi&nbsp;(asiakkaat, yhteisty\u00f6kumppanit, tavarantoimittajat)<br>Organisaation osoite<br>Organisaation s\u00e4hk\u00f6postiosoite<br>Organisaation puhelinnumero<br>Organisaation muu s\u00e4hk\u00f6inen osoite, kuten verkkolaskutustiedot<\/p>\n\n\n\n<p>Asiakastietoihin kirjataan:<\/p>\n\n\n\n<p>Tiedot ostetuista tuotteista ja palveluista<br>Tiedot sopimuksista ja niiden kestosta<\/p>\n\n\n\n<p><strong>6. Rekister\u00f6idyn oikeudet&nbsp;<\/strong><\/p>\n\n\n\n<p>Rekister\u00f6idyll\u00e4 on seuraavat oikeudet, joiden k\u00e4ytt\u00f6\u00e4 koskevat pyynn\u00f6t tulee tehd\u00e4 kirjallisesti osoitteeseen:<\/p>\n\n\n\n<p>Toiminimi: Kansantaju<br>Henkil\u00f6:    Timo Karonen<br>Osoite:      Kaunelantie 4 A 4, 25500 PERNI\u00d6<br><br>Tai s\u00e4hk\u00f6postilla: timo.karonen@kansantaju.fi<\/p>\n\n\n\n<p><strong> <\/strong>6.1.<strong> Tarkastusoikeus&nbsp;<\/strong><\/p>\n\n\n\n<p>Rekister\u00f6ity voi pyyt\u00e4\u00e4 saada tarkastaa tallennetut henkil\u00f6tiedot.&nbsp;&nbsp;<\/p>\n\n\n\n<p> 6.2. <strong>Oikeus tietojen oikaisemiseen&nbsp;<\/strong><\/p>\n\n\n\n<p>Rekister\u00f6ity voi pyyt\u00e4\u00e4 oikaisemaan h\u00e4nt\u00e4 koskevat virheelliset tai puutteelliset tiedot.&nbsp;<\/p>\n\n\n\n<p> 6.3. <strong>Vastustusoikeus&nbsp;<\/strong><\/p>\n\n\n\n<p>Rekister\u00f6ity voi vastustaa henkil\u00f6tietojen k\u00e4sittely\u00e4, mik\u00e4li kokee ett\u00e4 henkil\u00f6tietoja on k\u00e4sitelty&nbsp;lainvastaisesti.&nbsp;<\/p>\n\n\n\n<p>6.4. <strong>Suoramarkkinointikielto&nbsp;<\/strong><\/p>\n\n\n\n<p>Rekister\u00f6idyll\u00e4 on oikeus kielt\u00e4\u00e4 tietojen k\u00e4ytt\u00e4minen suoramarkkinointiin.&nbsp;<\/p>\n\n\n\n<p>6.5. <strong>Poisto-oikeus&nbsp;<\/strong><\/p>\n\n\n\n<p>Rekister\u00f6idyll\u00e4 on oikeus pyyt\u00e4\u00e4 tietojensa poistamista, jos tietojen k\u00e4sittely ei ole tarpeen. K\u00e4sittelemme pyynn\u00f6n, jonka j\u00e4lkeen joko poistamme tiedot tai ilmoitamme perustellun syyn, miksi tietoa ei voida&nbsp; poistaa.&nbsp;<\/p>\n\n\n\n<p>On huomioitava, ett\u00e4 rekisterinpit\u00e4j\u00e4ll\u00e4 voi olla lakis\u00e4\u00e4teinen tai muu velvollisuus ja sen my\u00f6t\u00e4 oikeus olla poistamatta tietoa. Rekisterinpit\u00e4j\u00e4ll\u00e4 on velvollisuus s\u00e4ilytt\u00e4\u00e4 kirjanpitoaineisto Kirjanpitolain mukaisesti (10 vuotta). <br>T\u00e4m\u00e4n vuoksi kirjanpitoon liittyv\u00e4\u00e4 aineistoa ei voida poistaa ennen m\u00e4\u00e4r\u00e4ajan umpeutumista.&nbsp;<\/p>\n\n\n\n<p>6.6. <strong>Suostumuksen peruuttaminen&nbsp;<\/strong><\/p>\n\n\n\n<p>Jos rekister\u00f6ity\u00e4 koskeva henkil\u00f6tietojen k\u00e4sittely perustuu ainoastaan suostumukseen eik\u00e4 esim.&nbsp; asiakkuuteen tai j\u00e4senyyteen voi rekister\u00f6ity peruuttaa suostumuksen.&nbsp;<\/p>\n\n\n\n<p>6.7. <strong>Rekister\u00f6ity voi valittaa p\u00e4\u00e4t\u00f6ksest\u00e4 tietosuojavaltuutetulle<\/strong><\/p>\n\n\n\n<p>https:\/\/tietosuoja.fi\/yksityishenkilot <br>Rekister\u00f6idyll\u00e4 on oikeus vaatia, ett\u00e4 rajoitamme kiistanalaisten tietojen k\u00e4sittely\u00e4 siksi aikaa kunnes asia on ratkaistu.&nbsp;<\/p>\n\n\n\n<p>Rekister\u00f6idyll\u00e4 on oikeus valittaa tai kannella tietosuojavaltuutetulle, mik\u00e4li kokee, ett\u00e4 rikomme henkil\u00f6tietoja&nbsp;k\u00e4sitelt\u00e4ess\u00e4 voimassa olevaa tietosuojalains\u00e4\u00e4d\u00e4nt\u00f6\u00e4.&nbsp;<\/p>\n\n\n\n<p><strong>7. S\u00e4\u00e4nn\u00f6nmukaiset tietol\u00e4hteet<\/strong><\/p>\n\n\n\n<p>Kaikki tieto on ker\u00e4tty suoraan asiakkailta potentiaalisilta asiakkailta tai yhteisty\u00f6kumppaneilta.&nbsp; Mahdollisiin arkaluontoisiin tietoihin kysyt\u00e4\u00e4n erillinen allekirjoitettu suostumus. Kaikki tieto&nbsp; s\u00e4ilytet\u00e4\u00e4n suojattuna eik\u00e4 se ole julkista. Tietoja k\u00e4sittelee ainoastaan niit\u00e4 tarvitsevat tahot eli&nbsp;Timo Karonen tai h\u00e4nell\u00e4 ty\u00f6ss\u00e4 oleva ty\u00f6ntekij\u00e4 tai yhteisty\u00f6taho kuten kirjanpit\u00e4j\u00e4.&nbsp;<\/p>\n\n\n\n<p><strong>Henkil\u00f6tietoja saadaan asiakkailtamme ja yhteisty\u00f6kumppaneiltamme seuraavasti:&nbsp;<br><\/strong>o Tapaamisissa kasvokkain tai et\u00e4yhteydell\u00e4.<br>o Digitaalisina viestein\u00e4: s\u00e4hk\u00f6posti, SMS-viesti, WhatsUp, Facebook, Instagram ja muut vastaavat palvelut.<br>o Puhelimitse.<br>o Sivuston verkkolomakkeilla.<\/p>\n\n\n\n<p><strong>8. S\u00e4\u00e4nn\u00f6nmukaiset tietojen luovutukset\u00a0<\/strong><\/p>\n\n\n\n<p>Kansantaju ei myy eik\u00e4 luovuta ker\u00e4ttyj\u00e4 tietoja ulkopuolisille markkinointitarkoituksiin.<\/p>\n\n\n\n<p><strong>9. K\u00e4sittelyn kesto\u00a0<\/strong><\/p>\n\n\n\n<p>Henkil\u00f6tietoja s\u00e4ilytet\u00e4\u00e4n ja k\u00e4sitell\u00e4\u00e4n niin kauan kuin asiakkuus tai muu sopimus on voimassa, ja sen j\u00e4lkeen enint\u00e4\u00e4n yhden vuoden ajan asiakaspalvelun laadun ja molemminpuolisen oikeusturvan takia.&nbsp;<\/p>\n\n\n\n<p>Uutiskirjeen tilaaja voi lakkauttaa tilauksensa uutiskirjeen s\u00e4hk\u00f6postiviestiss\u00e4 olevan painikkeen avulla milloin tahansa. <\/p>\n\n\n\n<p><strong>10. Henkil\u00f6tietojen k\u00e4sittelij\u00e4t\u00a0<\/strong><\/p>\n\n\n\n<p>Kansantajun ker\u00e4\u00e4mien henkil\u00f6tietojen k\u00e4sittelyst\u00e4 vastaa: Timo Karonen<\/p>\n\n\n\n<p>Rekisterinpit\u00e4j\u00e4 ja t\u00e4m\u00e4n ty\u00f6ntekij\u00e4t tai yhteisty\u00f6kumppanit k\u00e4sittelev\u00e4t henkil\u00f6tietoja vain eritt\u00e4in painavasta syyst\u00e4 kuten esimerkiksi kirjanpidollisista syist\u00e4. T\u00e4llainen ulkoistettu henkil\u00f6tietojen k\u00e4sittely osittain kolmannen osapuolen kautta taataan aina tarkoin sopimusj\u00e4rjestelyin, ett\u00e4 henkil\u00f6tietoja k\u00e4sitell\u00e4\u00e4n voimassa olevan tetosuojalains\u00e4\u00e4d\u00e4nn\u00f6n mukaisesti ja muutoin asianmukaisesti.&nbsp;<\/p>\n\n\n\n<p><strong>11. Tietojen siirto EU:n ulkopuolelle\u00a0<\/strong><\/p>\n\n\n\n<p>Henkil\u00f6tietoja ei siirret\u00e4 EU:n tai Euroopan talousalueen ulkopuolelle.&nbsp;<\/p>\n\n\n\n<p><strong>12. Automaattinen p\u00e4\u00e4t\u00f6ksenteko ja profilointi<\/strong><\/p>\n\n\n\n<p>Emme k\u00e4yt\u00e4 tietoja automaattiseen p\u00e4\u00e4t\u00f6ksentekoon tai profilointiin.&nbsp;<\/p>\n","protected":false},"excerpt":{"rendered":"<p>Miten Kansantaju k\u00e4sittelee henkil\u00f6tietoja? T\u00e4m\u00e4 on 5.12.2018\/1050 tietosuojalain ja EU:n yleisen tietosuoja-asetuksen&nbsp;(GDPR eli General Data Protection Regulation) mukainen tietosuojaseloste.&nbsp;Voimassa 3.1.2025 [&hellip;]<\/p>\n","protected":false},"author":1,"featured_media":0,"parent":7,"menu_order":6,"comment_status":"closed","ping_status":"closed","template":"","meta":{"_uag_custom_page_level_css":"","site-sidebar-layout":"default","site-content-layout":"","ast-site-content-layout":"default","site-content-style":"default","site-sidebar-style":"default","ast-global-header-display":"","ast-banner-title-visibility":"","ast-main-header-display":"","ast-hfb-above-header-display":"","ast-hfb-below-header-display":"","ast-hfb-mobile-header-display":"","site-post-title":"","ast-breadcrumbs-content":"","ast-featured-img":"","footer-sml-layout":"","ast-disable-related-posts":"","theme-transparent-header-meta":"","adv-header-id-meta":"","stick-header-meta":"","header-above-stick-meta":"","header-main-stick-meta":"","header-below-stick-meta":"","astra-migrate-meta-layouts":"default","ast-page-background-enabled":"default","ast-page-background-meta":{"desktop":{"background-color":"var(--ast-global-color-5)","background-image":"","background-repeat":"repeat","background-position":"center center","background-size":"auto","background-attachment":"scroll","background-type":"","background-media":"","overlay-type":"","overlay-color":"","overlay-opacity":"","overlay-gradient":""},"tablet":{"background-color":"","background-image":"","background-repeat":"repeat","background-position":"center center","background-size":"auto","background-attachment":"scroll","background-type":"","background-media":"","overlay-type":"","overlay-color":"","overlay-opacity":"","overlay-gradient":""},"mobile":{"background-color":"","background-image":"","background-repeat":"repeat","background-position":"center center","background-size":"auto","background-attachment":"scroll","background-type":"","background-media":"","overlay-type":"","overlay-color":"","overlay-opacity":"","overlay-gradient":""}},"ast-content-background-meta":{"desktop":{"background-color":"var(--ast-global-color-4)","background-image":"","background-repeat":"repeat","background-position":"center center","background-size":"auto","background-attachment":"scroll","background-type":"","background-media":"","overlay-type":"","overlay-color":"","overlay-opacity":"","overlay-gradient":""},"tablet":{"background-color":"var(--ast-global-color-4)","background-image":"","background-repeat":"repeat","background-position":"center center","background-size":"auto","background-attachment":"scroll","background-type":"","background-media":"","overlay-type":"","overlay-color":"","overlay-opacity":"","overlay-gradient":""},"mobile":{"background-color":"var(--ast-global-color-4)","background-image":"","background-repeat":"repeat","background-position":"center center","background-size":"auto","background-attachment":"scroll","background-type":"","background-media":"","overlay-type":"","overlay-color":"","overlay-opacity":"","overlay-gradient":""}},"footnotes":""},"class_list":["post-81","page","type-page","status-publish","hentry"],"uagb_featured_image_src":{"full":false,"thumbnail":false,"medium":false,"medium_large":false,"large":false,"1536x1536":false,"2048x2048":false},"uagb_author_info":{"display_name":"admin","author_link":"https:\/\/www.kansantaju.fi\/index.php\/author\/admin\/"},"uagb_comment_info":0,"uagb_excerpt":"Miten Kansantaju k\u00e4sittelee henkil\u00f6tietoja? T\u00e4m\u00e4 on 5.12.2018\/1050 tietosuojalain ja EU:n yleisen tietosuoja-asetuksen&nbsp;(GDPR eli General Data Protection Regulation) mukainen tietosuojaseloste.&nbsp;Voimassa 3.1.2025 [&hellip;]","_links":{"self":[{"href":"https:\/\/www.kansantaju.fi\/index.php\/wp-json\/wp\/v2\/pages\/81","targetHints":{"allow":["GET"]}}],"collection":[{"href":"https:\/\/www.kansantaju.fi\/index.php\/wp-json\/wp\/v2\/pages"}],"about":[{"href":"https:\/\/www.kansantaju.fi\/index.php\/wp-json\/wp\/v2\/types\/page"}],"author":[{"embeddable":true,"href":"https:\/\/www.kansantaju.fi\/index.php\/wp-json\/wp\/v2\/users\/1"}],"replies":[{"embeddable":true,"href":"https:\/\/www.kansantaju.fi\/index.php\/wp-json\/wp\/v2\/comments?post=81"}],"version-history":[{"count":12,"href":"https:\/\/www.kansantaju.fi\/index.php\/wp-json\/wp\/v2\/pages\/81\/revisions"}],"predecessor-version":[{"id":300,"href":"https:\/\/www.kansantaju.fi\/index.php\/wp-json\/wp\/v2\/pages\/81\/revisions\/300"}],"up":[{"embeddable":true,"href":"https:\/\/www.kansantaju.fi\/index.php\/wp-json\/wp\/v2\/pages\/7"}],"wp:attachment":[{"href":"https:\/\/www.kansantaju.fi\/index.php\/wp-json\/wp\/v2\/media?parent=81"}],"curies":[{"name":"wp","href":"https:\/\/api.w.org\/{rel}","templated":true}]}}